s -12132223013 + -1?
-12132223020
In base 16, what is -e + 130a90?
130a82
In base 15, what is 683 + 586c?
6000
In base 14, what is -2134 - -448?
-1aca
In base 12, what is -9358 + -648?
-99a4
In base 6, what is -11223 + 32232?
21005
In base 3, what is 1102110220 - -22110201?
1201221121
In base 6, what is 34211 + 10001?
44212
In base 8, what is -11 + -5001230?
-5001241
In base 2, what is 11110101110 + -101001111101001?
-100110000111011
In base 11, what is 5 + 14551a79?
14551a83
In base 9, what is 3547612 - 3?
3547608
In base 13, what is 4 - -10a66089?
10a66090
In base 2, what is 11111110111011011011001 - -100?
11111110111011011011101
In base 11, what is 17 - -5a402?
5a419
In base 6, what is -35501432 + 121?
-35501311
In base 5, what is -3 - -21023122?
21023114
In base 9, what is -174 + -2162832?
-2163116
In base 2, what is -1110110110 - -110011010000100111?
110011000001110001
In base 14, what is 4 - -264642?
264646
In base 13, what is 0 + -45b276?
-45b276
In base 14, what is 5 - 66d729?
-66d724
In base 15, what is 1 + -2abc9e0?
-2abc9de
In base 11, what is 2 + -3a8829?
-3a8827
In base 7, what is -32562 - 1352?
-34244
In base 10, what is -371 - 8396?
-8767
In base 6, what is 244235201015 - -3?
244235201022
In base 12, what is 4 + -1b0b25?
-1b0b21
In base 11, what is -610 - 7768?
-8278
In base 15, what is 6c0 + -b21?
-451
In base 5, what is -444342 - -120?
-444222
In base 8, what is -1603 + 513420?
511615
In base 16, what is 1cf + f86c?
fa3b
In base 11, what is -299a - 6a4?
-3593
In base 15, what is -8e - 89b95?
-89c34
In base 13, what is -374 - -400c?
3968
In base 16, what is -44276d - 12?
-44277f
In base 16, what is -a - -27ccbe?
27ccb4
In base 2, what is -101 + 100000111001111010001001?
100000111001111010000100
In base 14, what is 18898964 + -5?
1889895d
In base 8, what is -22 + 3132174?
3132152
In base 14, what is 2 + 1c438258?
1c43825a
In base 7, what is -30242 + 4345?
-22564
In base 5, what is 0 + -2014003333?
-2014003333
In base 10, what is -2688279 - 2?
-2688281
In base 4, what is -222131 - -12200323?
11312132
In base 6, what is 4401300 - 45?
4401211
In base 16, what is -e639f - -1?
-e639e
In base 2, what is 1100110011001010 + -110101010001?
1011111101111001
In base 11, what is 106581 - a?
106572
In base 5, what is 212 - 120201?
-114434
In base 10, what is 33 + 58950?
58983
In base 5, what is -10 - -32431100?
32431040
In base 11, what is -1028 - 20210?
-21238
In base 9, what is -1 + -165644457?
-165644458
In base 7, what is -25523613 - -22?
-25523561
In base 6, what is 3 + -2035053551?
-2035053544
In base 7, what is -1021 + -214266?
-215320
In base 4, what is -1333 - 200323223?
-200331222
In base 6, what is 35 - 15050011?
-15045532
In base 8, what is 55 - 3331546?
-3331471
In base 2, what is -100011011000001000 + 1000001111?
-100011001111111001
In base 9, what is 6786 - -10076?
16873
In base 9, what is 623820 - -560?
624480
In base 6, what is -5 + 144352450?
144352441
In base 16, what is -1072843 + -14?
-1072857
In base 15, what is -2134b1 - -7?
-2134a9
In base 12, what is 3b3a9 + -389?
3b020
In base 9, what is 1711612 - 5?
1711606
In base 4, what is 213 + 23230311131?
23230312010
In base 14, what is 6 - 526d?
-5267
In base 7, what is -56654036 + -3?
-56654042
In base 11, what is 469744 - -96?
46982a
In base 4, what is 3 - 3320131213?
-3320131210
In base 10, what is -304607259 - 4?
-304607263
In base 3, what is -1100120220 + 1012?
-1100112201
In base 3, what is 0 - -202022011020?
202022011020
In base 6, what is -2 + -200130133?
-200130135
In base 9, what is 3446 + 328?
3775
In base 15, what is -1480c7 - 76?
-14814d
In base 2, what is 11001010011110011001000 + 11011?
11001010011110011100011
In base 15, what is 1eb + -57a51?
-57855
In base 5, what is 132320 + 10020341?
10203211
In base 7, what is 1643640402 - 0?
1643640402
In base 4, what is 10 + 112023303002010?
112023303002020
In base 7, what is 422003340 - 4?
422003333
In base 2, what is 1101000101010110000 - -110?
1101000101010110110
In base 14, what is -97 - 158d35?
-158dcc
In base 16, what is acd08 + -11c?
acbec
In base 4, what is 233323331023 + -1?
233323331022
In base 11, what is 8249779 + 2?
8249780
In base 6, what is 440141 - 510?
435231
In base 3, what is -12 + -210101212020?
-210101212102
In base 15, what is 492da4 - -1?
492da5
In base 14, what is 6a + -41b9b?
-41b31
In base 11, what is -7 + -56212549?
-56212555
In base 14, what is 85 - -a08bb1?
a08c56
In base 8, what is 4 + -1357331627?
-1357331623
In base 4, what is 102212 - -23021203?
23130021
In base 9, what is 4 + 2758844?
2758848
In base 8, what is 102477324 + -6?
102477316
In base 16, what is -27c - -e9f?
c23
In base 15, what is 1a + -d6d2?
-d6b7
In base 6, what is -3 + -220051100?
-220051103
In base 8, what is -410573050 - 0?
-410573050
In base 7, what is 0 - -125453611?
125453611
In base 12, what is 30 + b3022a?
b3025a
In base 4, what is -121121330102 - 132?
-121121330300
In base 16, what is 674f + 76?
67c5
In base 11, what is -6aa7 + -2566?
-9562
In base 6, what is -31511444455 + -3?
-31511444502
In base 6, what is -213023434 + 441?
-213022553
In base 15, what is -2 - -124d8a?
124d88
In base 7, what is -56 - -410555?
410466
In base 13, what is -527c + 4562?
-a1a
In base 2, what is -1 + -11101100011111100101011?
-11101100011111100101100
In base 7, what is -10310 - -546?
-6431
In base 8, what is 5 - 3412061?
-3412054
In base 12, what is -64791b + 32?
-6478a9
In base 4, what is 3 - -210132322333?
210132323002
In base 9, what is 722 - 43160?
-42337
In base 10, what is -2 + 5267601?
5267599
In base 16, what is 13f0c + 143?
1404f
In base 12, what is -1005784 - -33?
-1005751
In base 2, what is -101 + 100011000001100000101?
100011000001100000000
In base 14, what is -23ddb - 7d4?
-247d1
In base 15, what is 41 - 6a107?
-6a0b6
In base 12, what is 5413 + -249?
5186
In base 8, what is -3 + 436130204?
436130201
In base 3, what is 2022002122012 + 21?
2022002122110
In base 5, what is -3132 - 11024444?
-11033131
In base 14, what is -2998b - 321?
-29cac
In base 14, what is 662804 + 8c?
662892
In base 11, what is -2547393 + a1?
-25472a2
In base 8, what is 4446656 + 1003?
4447661
In base 2, what is 10 - 1101010110001001000?
-1101010110001000110
In base 12, what is -330b - 1221?
-4530
In base 14, what is 47d7 + -32a?
44ab
In base 8, what is 30 - 11421153?
-11421123
In base 13, what is 3 + 2c769a25?
2c769a28
In base 4, what is 22011332 + 113?
22012111
In base 13, what is -440 - 10b93?
-11303
In base 8, what is -37 - 62226?
-62265
In base 10, what is 1193 + 3601?
4794
In base 7, what is -4 + -2116011?
-2116015
In base 2, what is 11001111000010111010000 + -1?
11001111000010111001111
In base 14, what is -5 + -a954c8d?
-a954c94
In base 16, what is -4958ff - -1?
-4958fe
In base 11, what is 26826 - 9a9?
25928
In base 2, what is 100100101 + -100101001111011?
-100100101010110
In base 5, what is -140 - 10130021331?
-10130022021
In base 8, what is 7614 + -42740?
-33124
In base 13, what is -6 - -a55919?
a55913
In base 12, what is -913 - -4385?
3672
In base 3, what is 222210020 + 10?
222210100
In base 5, what is -3020322030 + -33?
-3020322113
In base 11, what is -2070533 - -7?
-2070527
In base 12, what is 26bb998 - -4?
26bb9a0
In base 6, what is -3 - -1240545021?
1240545014
In base 8, what is -123157462 + -2?
-123157464
In base 2, what is 11001100100011001 + 1?
11001100100011010
In base 12, what is -1 + 4053612?
4053611
In base 9, what is -43566071 + 2?
-43566068
In base 5, what is -203423 - 1430130?
-2134103
In base 2, what is -100001110101000101001010 + 1001?
-100001110101000101000001
In base 8, what is 73 - -20371342?
20371435
In base 9, what is -8727 - 201838?
-211666
In base 12, what is -58bb388 - -3?
-58bb385
In base 13, what is -15 + 32cb21?
32cb09
In base 8, what is 671677 - 163?
671514
In base 8, what is 5 - -10042517?
10042524
In base 7, what is -562116342 + 1?
-562116341
In base 2, what is 110011101110 + 111100011111000110?
111101010010110100
In base 11, what is 0 + -29019741?
-29019741
In base 14, what is -925d5 - 5c?
-92653
In base 4, what is 210123 - -311301120?
312111303
In base 12, what is 2 + 10083b5?
10083b7
In base 3, what is 1000210020020 - 102000?
1000202211020
In base 10, what is -122093 + -892?
-122985
In base 6, what is -125